 -5*a = -3*r + 20. What are the prime factors of r?
3, 5
Let n(s) = -82*s + 3. Let h(u) = -u - 1. Let m(j) = -h(j) - n(j). Let d be m(4). List the prime factors of d/21 + (-8)/(-28).
2
Let r be 4 + 3/(-9)*-3. Suppose 5*z + 5 = -r. Let d = z - -6. List the prime factors of d.
2
Let s(i) = i**3 - 5*i**2 - 3*i + 4. Let d be s(5). What are the prime factors of (-85 + -1)/(d - -9)?
43
Suppose 0 = 14*z - 3*z - 2134. List the prime factors of z.
2, 97
Let p(j) be the first derivative of -j**2/2 - 2*j + 1. Let m be p(-3). Suppose -2*c + 9 + m = 0. What are the prime factors of c?
5
Suppose 7*y + 78 = v + 4*y, 48 = v + 3*y. What are the prime factors of v?
3, 7
Let f(r) be the first derivative of 2*r**2 - 2*r + 3. What are the prime factors of f(5)?
2, 3
List the prime factors of ((-29)/(-2))/((-6)/(-12)).
29
Let j = 322 + -192. List the prime factors of j.
2, 5, 13
Let m(j) = 11*j**2 + 2*j + 1. Let c be m(-1). Let z = c + -8. What are the prime factors of z?
2
Suppose 3*q - z + 91 = 0, 4*q + 26 = 5*z - 99. What are the prime factors of 5*4*(-3)/q?
2
Suppose 5*x = 3*v - 0*x + 10, -2*x = 3*v - 4. Suppose -2*q - 2*q + 88 = v. Let s = -16 + q. List the prime factors of s.
2, 3
Let g = 7 + -5. Let a = 7 - g. Suppose a*n - 17 = 3. List the prime factors of n.
2
Suppose -5*i - 15 = 0, -c + 0*i - 10 = 5*i. Suppose -q = -h + c, q = 4*h - 2*q - 24. What are the prime factors of ((-12)/h)/((-4)/12)?
2
Let n(c) = 2*c**2 - 5*c - 2. What are the prime factors of n(5)?
23
Suppose -r - x = -88, r - 2*x = 2*x + 88. What are the prime factors of r?
2, 11
Suppose 6 - 5 = i. Let b be 15 + (i - 2) + 0. Suppose -2*h + b = -18. What are the prime factors of h?
2
Let u(j) = -2*j + 2. Let k be u(2). Let f be (-6)/k*(2 + -1). Let b = f + 3. List the prime factors of b.
2, 3
Let c = 67 - 23. What are the prime factors of c?
2, 11
Let x(j) be the first derivative of j**4/4 + 8*j**3/3 + 3*j**2 + 2*j + 3. What are the prime factors of x(-7)?
3
Suppose 51 = 6*x - 3*x. What are the prime factors of x?
17
Suppose -3*k - 12 = -2*o - k, -24 = -3*o + 5*k. Suppose -x + 12 = o*x. List the prime factors of x.
3
Let v(l) = l**3 - 11*l**2 + 12*l - 11. Let w(n) = 9*n**2 + 1. Let z be w(-1). What are the prime factors of v(z)?
3
Let q = -96 + 49. Let a = q - -66. What are the prime factors of a?
19
Let v = -93 - -54. Let r = v + 70. List the prime factors of r.
31
Suppose 0 = 9*l - 5*l - 16. List the prime factors of l.
2
Let k(x) = x**2 - x - 3. List the prime factors of k(3).
3
Let b(f) = -f**2 + 6*f + 9. Suppose w = -4*w - 45. Let t = -2 - w. List the prime factors of b(t).
2
Suppose -2*b - 3*d = -15, -12 = -5*b + 2*b - d. What are the prime factors of b?
3
Suppose -48 - 54 = -3*s. List the prime factors of s.
2, 17
Let t(s) = 1 + s**2 + s**2 + 4 - 8*s. What are the prime factors of t(5)?
3, 5
Let p(n) = n**3 + n**2 - n + 6. Suppose 3*y = 6*y. Let g be p(y). What are the prime factors of (9/g)/3*6?
3
What are the prime factors of 3*((-14)/(-35))/((-12)/(-670))?
67
Let g(x) be the third derivative of -1/12*x**4 + 0*x + 3*x**2 + 0 + 1/30*x**5 - 1/2*x**3. What are the prime factors of g(-2)?
3
Suppose -2*y = 2*l - 58, 4*y = -0*l + l - 49. List the prime factors of l.
3, 11
Let a be ((-1)/(-3))/(4/72). Suppose -a - 14 = -2*s. What are the prime factors of s?
2, 5
Let y(p) be the first derivative of p**3/3 + p**2/2 + p + 1. Let o be y(-5). Suppose 4*n - o = n. List the prime factors of n.
7
Let x = -8 - -11. Let f(n) = n**2 + 4*n**3 + 2*n**3 - 5*n**x. What are the prime factors of f(2)?
2, 3
Suppose 2*o - 8 + 20 = 0. Let h(d) = d**2 + d + 10. What are the prime factors of h(o)?
2, 5
Let f = -1 - -1. Suppose -5*o = 2*u - 8 - f, 0 = o + 4. Suppose 4*i = b + u + 33, -5*b - 26 = -i. List the prime factors of i.
11
Suppose -y = d - 8, y + 0*d - 4*d + 2 = 0. Let z be (7 - y) + 32 + 1. Suppose z = 3*r - 5*n, 0 = 4*r - r + n - 22. List the prime factors of r.
2
Let d be ((-6)/(-4))/((-3)/(-10)). Suppose 2*u = 3*o + 18, -u + d*o + 9 = o. List the prime factors of u.
3
Let x(t) = 6*t**2 - 20*t - 12. Let z(o) = 2*o**2 - 7*o - 4. Let d(p) = 6*x(p) - 17*z(p). List the prime factors of d(3).
11
Suppose -2*j - 2*q + 214 = 0, -j - 318 = -4*j - 4*q. What are the prime factors of j?
2, 5, 11
Let n(d) = d**2 + 5*d. Let m(o) = o**3 + o**2 + 2*o + 3. Let h be m(-2). Let z be n(h). Suppose z = s + 4*s - 65. What are the prime factors of s?
13
Suppose -2*f = 2*f + 4. Let t be (-1)/(f + (-2)/(-1)). List the prime factors of (0 - t)*1*7.
7
Suppose 2*d = 14 - 10. Suppose c = -0 - d, 92 = 4*l + 4*c. What are the prime factors of l?
5
Let d(t) = t**3 - 5*t**2 - 6*t + 17. What are the prime factors of d(7)?
73
Let l(i) be the second derivative of -i**3/6 - i**2/2 + i. Let z(f) = 5*f + 5. Let t(n) = 11*l(n) + 2*z(n). What are the prime factors of t(-5)?
2
Let i(z) = 2*z - 6. Suppose v - 15 = -3*g - 2*v, -4*g = -4*v - 20. Let a be i(g). Suppose 2*t + 3*n - 3 = 6, -a*n = -t - 1. What are the prime factors of t?
3
Let b(k) = -k**3 - k**2 - 7*k + 1. List the prime factors of b(-4).
7, 11
Suppose 3*t + z - 90 = 6*t, -4*z + 60 = -2*t. What are the prime factors of (t/(-35))/(1/21)?
2, 3
Let z be (-385)/(-22) - (-1)/2. Let a = z - 12. What are the prime factors of a?
2, 3
Let j be (-8)/(-6)*(2 - -1). Let i = j + -1. What are the prime factors of i?
3
Let l be -1 - (0 - (1 + -1)). Let z be ((-1)/(-2))/(l/4). List the prime factors of 1/(14/(-8) - z).
2
Suppose -3*s + 19 + 2 = -3*n, -2*s + 4*n = -22. Suppose -o = -d + 16, o = -4*d + s*o + 58. List the prime factors of d.
13
Let w be (-2 + 0)*7/(-2). Suppose -48 = -w*j + 3*j. What are the prime factors of j?
2, 3
Let c be 50/10*2/10. List the prime factors of 6/((-2)/c) - -23.
2, 5
Let c(r) = -r**3 - 5*r**2 + 9*r + 3. List the prime factors of c(-7).
2, 19
List the prime factors of 1 + -2 + 0 + 534/3.
3, 59
Let n(y) = 2*y**2 + 4*y - 1. Let z be n(-3). Suppose 3*d = z*d - 64. What are the prime factors of d?
2
Suppose 16 - 1 = a. What are the prime factors of a?
3, 5
Suppose -2*d + 153 = -51. What are the prime factors of d?
2, 3, 17
Let u(y) = 3*y**2 - 4*y + 5. Let m(l) = 3*l**2 - 3*l + 4. Let q(v) = 6*m(v) - 5*u(v). What are the prime factors of q(-3)?
2, 5
List the prime factors of 566/3 + -2 + 6/(-9).
2, 3, 31
Suppose 560 + 104 = -4*y. List the prime factors of y/(-8) - 8/(-32).
3, 7
Let i(x) = 9*x - 3. Let j be i(8). Let n = j + -199. List the prime factors of n/(-14) - (-2)/(-7).
3
Suppose 5*g - 5*f = 0, 2*g = -0*g + f + 4. Let p be g/6*99/6. Suppose -k = -3*i + p, 14 = -i - 5*k - 9. List the prime factors of i.
2
Suppose -3*a + 28 = 5*s, -21 = -a - 0*a - 4*s. Let b(x) = -2 + 11*x**2 + a + 0. What are the prime factors of b(-1)?
2, 5
Suppose 5*t + 3*r = 13 + 7, 0 = 5*r. Let n = 6 - t. Suppose -n = 4*x - 34. List the prime factors of x.
2
Let q be 1/(-2) - 27/(-6). Let d be 27*1 - (-3 + q). Let s = -16 + d. What are the prime factors of s?
2, 5
Let t(g) = -g**2 + 5*g - 3. Let i be t(3). Suppose -1 = -i*w + 4*x - 3, -26 = w + 5*x. Let y(v) = v**3 + 7*v**2 + 4*v - 7. List the prime factors of y(w).
5
Suppose -3*p - 8 = -5*p - 2*b, 2*b = p + 2. Suppose 3*v = -2*u + 99, u - p*v = -3*v + 48. What are the prime factors of 260/u - 4/(-18)?
2, 3
Suppose 12 = -0*p + p + 4*b, 0 = 2*p - 3*b + 20. Let i(t) = -5*t + 2. What are the prime factors of i(p)?
2, 11
Let s be (-14)/21 - 22/(-6). Suppose -4*d - 4*p = 0, 0 = -3*d + p + s + 13. List the prime factors of d.
2
Suppose -1 = 2*j - 5. Suppose 0*g = g + j. List the prime factors of 10 + (-1)/((-1)/g).
2
Suppose 410 + 1334 = 8*c. What are the prime factors of c?
2, 109
Suppose -b = u - 102, b - 106 = -u + 4*b. List the prime factors of u.
103
Suppose -p - 8 = -3*u, 3*u - 3*p = 11 + 1. Let l(m) = -5*m - u + 2 - 1. What are the prime factors of l(-1)?
2
Let l = -26 - -41. What are the prime factors of l?
3, 5
Suppose 0 = -o + l + 11, 4*l + 12 = 0. Let u(x) = 3*x + 9. What are the prime factors of u(o)?
3, 11
Let i = 48 + -10. What are the prime factors of i?
2, 19
List the prime factors of ((-65)/4)/((-14)/56).
5, 13
Let c(q) = q**3 - 2*q**2 - 3. Let s be c(3). Suppose a + 5*u = -0*a + 22, 5*a = 4*u + 52. Let i = a - s. What are the prime factors of i?
2, 3
Let c(p) be the third derivative of p**5/30 + p**2. Let b be c(1). List the prime fa